).
16
Let q(y) = 7*y**2 - 746*y - 315. Give q(107).
6
Let x(r) = -154*r - 2470. Give x(-16).
-6
Let v(d) = -9*d + 165. What is v(12)?
57
Let t(q) = 208*q - 4162. Calculate t(20).
-2
Let c(h) = 8*h - 186. What is c(22)?
-10
Let f(p) = 1054*p + 31620. Give f(-30).
0
Let y(o) = o**2 - 10*o - 1229. Give y(40).
-29
Let d(n) = 4*n**2 - 254*n + 1017. What is d(4)?
65
Let p(l) = -l - 139. Determine p(-3).
-136
Let k(b) = 8*b - 124. Calculate k(-15).
-244
Let u(l) = l**2 - 18*l - 722. Give u(-17).
-127
Let b(f) = -78*f + 39. What is b(4)?
-273
Let m(b) = 2*b**3 + 328*b**2 - 365*b - 5767. What is m(-165)?
8
Let b(i) = 108*i + 524. What is b(-6)?
-124
Let y(o) = o**2 + o - 208. Determine y(-15).
2
Let p(f) = -36*f**2 - 23*f - 64. Give p(-3).
-319
Let v(x) = 2*x**2 + 73*x - 508. What is v(6)?
2
Let b(y) = 434*y - 22132. Determine b(51).
2
Let n(b) = 53*b + 829. Calculate n(4).
1041
Let f(q) = -15*q**2 - 423*q - 66. Calculate f(-28).
18
Let y(v) = -v**3 - 80*v**2 - 67*v + 566. Determine y(-79).
-382
Let m(t) = 11*t**2 - 13*t - 33. Determine m(8).
567
Let a(k) = -k**2 - 84*k + 2198. What is a(-105)?
-7
Let u(w) = 101*w - 7558. Calculate u(75).
17
Let t(f) = 4607*f + 23030. What is t(-5)?
-5
Let o(n) = -n**2 - 5*n - 50. Give o(-7).
-64
Let h(z) = -z**2 + 18*z - 3. Calculate h(-4).
-91
Let g(f) = 18*f**3 + 105*f**2 - 24*f - 67. Determine g(-6).
-31
Let a(k) = k**3 - 36*k**2 + 105*k - 128. Determine a(33).
70
Let t(r) = 584*r**3 - 29*r**2 + 29*r + 1. Determine t(1).
585
Let w(k) = k**3 + 14*k**2 - 57*k + 287. Give w(-18).
17
Let b(n) = 3*n**3 - 126*n**2 - 129*n + 66. Give b(43).
66
Let r(l) = -113*l - 5525. Give r(-49).
12
Let p(r) = -r**2 - 1204*r + 30719. Calculate p(25).
-6
Let n(w) = 1026*w - 202127. Give n(197).
-5
Let z(s) = -s**2 + 24*s + 43. Calculate z(25).
18
Let h(m) = -184*m - 10446. Give h(-56).
-142
Let d(i) = -3*i**2 + 19*i - 1. What is d(8)?
-41
Let d(b) = -b**2 + 10*b + 160. Determine d(-8).
16
Let s(y) = 36*y**3 + 17*y**2 - 34*y + 16. Calculate s(1).
35
Let n(o) = 1162*o - 33677. Determine n(29).
21
Let m(p) = -p**3 + 13*p**2 + 16*p + 15. What is m(17)?
-869
Let c(j) = -j**3 + 643*j**2 - 3822*j + 3. Give c(6).
3
Let c(m) = -4*m**2 + 25*m - 80. Determine c(6).
-74
Let u(q) = -q**3 - 2*q**2 + 43*q - 5. Calculate u(0).
-5
Let n(t) = 8*t**3 + 91*t**2 - 58*t + 18. Determine n(-12).
-6
Let s(n) = 7*n + 371. Determine s(-48).
35
Let d(z) = 1146*z + 3506. What is d(-3)?
68
Let b(x) = 517*x - 6301. Determine b(12).
-97
Let m(g) = g**3 + 4*g**2 - 16*g - 108. Determine m(-10).
-548
Let j(s) = -2*s + 26. Determine j(-43).
112
Let l(w) = 98*w - 1675. What is l(17)?
-9
Let s(q) = 36*q - 39. Give s(-4).
-183
Let z(o) = o**3 - 184*o**2 + 4865*o - 212. Determine z(152).
-60
Let v(d) = d**3 + 21*d**2 + 40*d - 13. Give v(-6).
287
Let s(z) = z**2 + 161*z + 3921. What is s(-30)?
-9
Let u(v) = -v**3 + 14*v**2 - 33*v + 1. What is u(3)?
1
Let p(a) = 163*a + 1268. Give p(-10).
-362
Let c(t) = 4*t + 18. Determine c(-2).
10
Let p(a) = -77*a - 2606. What is p(-33)?
-65
Let y(a) = -a**2 + 3*a + 39. What is y(5)?
29
Let b(c) = 45*c + 767. What is b(-6)?
497
Let d(g) = g**2 + 19*g - 196. Give d(-24).
-76
Let g(y) = -424*y + 225. Determine g(3).
-1047
Let l(h) = 22*h - 238. Determine l(10).
-18
Let x(s) = -8*s**3 - 16*s**2 + 5*s + 8. What is x(-4)?
244
Let r(s) = -s**3 - 30*s**2 - 40*s - 317. What is r(-29)?
2
Let z(a) = a**3 + 154*a**2 + 4706*a + 91. Give z(-42).
7
Let z(b) = -2142*b + 4280. Calculate z(2).
-4
Let f(l) = -5*l**3 + 41*l**2 - 38*l - 29. Calculate f(7).
-1
Let i(j) = -689*j**2 + 1395*j - 29. Give i(2).
5
Let g(z) = z**3 + z**2 - 38*z - 35. Give g(6).
-11
Let k(q) = -2*q**3 + 24*q**2 - 42*q - 6. Determine k(10).
-26
Let q(c) = c**3 - 8*c**2 - 32*c + 102. What is q(10)?
-18
Let h(d) = d**3 - 56*d**2 + 46*d - 5878. Calculate h(57).
-7
Let q(p) = -p**2 - 2*p - 14. Calculate q(6).
-62
Let s(q) = -2*q**2 + 3*q + 280. Determine s(13).
-19
Let y(g) = 2*g**3 + 21*g**2 + 17*g + 3. Calculate y(-10).
-67
Let a(g) = -g**2 - 37*g - 42. Determine a(-21).
294
Let o(u) = -962*u - 9626. Calculate o(-10).
-6
Let p(x) = -2*x**3 + x**2 + 10*x - 47. Give p(7).
-614
Let s(l) = -l**3 - 26*l**2 - 149*l - 45. What is s(-8)?
-5
Let d(r) = 2*r**2 - 24*r - 45. Calculate d(13).
-19
Let c(q) = q**2 + 13*q - 46. Calculate c(-16).
2
Let s(v) = -1539*v - 2954. Calculate s(-2).
124
Let p(n) = n**3 + 17*n**2 + 32*n - 155. Determine p(-14).
-15
Let r(u) = u**3 - 25*u**2 - 48*u + 3069. Determine r(16).
-3
Let v(q) = 2*q**3 - 77*q**2 + 56*q - 640. Give v(38).
44
Let m(o) = 270*o**2 + 24*o + 38. Give m(-2).
1070
Let c(z) = -3*z**2 + 114*z - 26. Determine c(38).
-26
Let a(f) = 9*f - 372. Give a(43).
15
Let k(g) = 8*g**3 + 2*g**2 + 6*g - 18. What is k(3)?
234
Let t(y) = 2*y**2 - 16*y - 17. Calculate t(-9).
289
Let x(t) = t**2 - 39*t + 153. Give x(33).
-45
Let y(u) = -822*u + 35342. Calculate y(43).
-4
Let l(r) = 735*r - 5858. What is l(8)?
22
Let t(x) = 295*x - 4438. Determine t(15).
-13
Let i(m) = -76*m**3 + 18*m + 18. Calculate i(-1).
76
Let m(n) = -6*n**3 - 145*n**2 - 290*n - 89. Calculate m(-22).
-1
Let z(s) = -2*s**3 + 11*s**2 + 21*s - 31. Calculate z(7).
-31
Let j(n) = -n**2 - 159*n + 159. What is j(1)?
-1
Let c(j) = -10*j**2 - 131*j - 406. Determine c(-7).
21
Let p(m) = -m**3 + 18*m**2 - 32*m + 250. Determine p(17).
-5
Let y(u) = -2*u**3 + 51*u**2 + 132*u + 103. Determine y(28).
-121
Let o(s) = -1518*s - 66805. What is o(-44)?
-13
Let h(q) = 121*q - 983. What is h(8)?
-15
Let x(c) = c**2 + 21*c + 119. Calculate x(-24).
191
Let a(y) = -y**3 + 7*y**2 + 312*y - 2640. Give a(9).
6
Let k(p) = 12836*p - 38508. What is k(3)?
0
Let k(x) = 118*x - 3168. Give k(27).
18
Let k(j) = -178*j - 122. Determine k(-2).
234
Let y(v) = -v**2 + 46*v + 493. Give y(-9).
-2
Let v(q) = -46*q. Calculate v(1).
-46
Let q(d) = 4*d + 241. Give q(-53).
29
Let b(k) = -3*k**2 + 4*k + 94. Determine b(6).
10
Let g(i) = 98*i - 1172. What is g(12)?
4
Let b(x) = 2*x**3 + 9*x**2 - 9*x - 30. What is b(-5)?
-10
Let g(f) = -4*f**2 - 36*f + 137. Give g(-10).
97
Let l(h) = -3*h**2 + 289*h - 1672. Calculate l(90).
38
Let o(v) = 11*v**3 - 5*v**2 + 9. Determine o(-3).
-333
Let t(l) = l**2 + 32*l + 66. Determine t(-27).
-69
Let t(z) = z**3 - 77*z**2 + 154*z - 305. What is t(75)?
-5
Let f(i) = -346*i**2 + 1380*i + 22. Calculate f(4).
6
Let t(q) = -q**2 + 32*q + 200. Determine t(40).
-120
Let p(a) = 2*a**2 - 76*a - 963. Determine p(-10).
-3
Let j(b) = b**3 + 10*b**2 - 7*b - 55. What is j(-4)?
69
Let i(q) = -2*q - 22. Give i(19).
-60
Let b(t) = -t**3 - 9*t**2 + 1749*t + 17392. What is b(-10)?
2
Let b(g) = -g**3 - 9*g**2 + 16*g - 22. Determine b(-10).
-82
Let h(x) = x**2 - 190*x - 776. What is h(-4)?
0
Let m(j) = 84*j**3 - 2*j**2 - 36*j - 63. Give m(-2).
-671
Let g(x) = -x**2 - 51*x + 1524. Give g(21).
12
Let k(r) = 3*r**2 - 2650*r + 10568. Give k(4).
16
Let d(h) = 396*h + 1799. Give d(-6).
-577
Let a(k) = -21*k - 40. Give a(-4).
44
Let l(m) = 2*m**3 - 29*m**2 - 60*m + 678. Give l(15).
3
Let i(y) = 2*y**2 - 26. Determine i(5).
24
Let z(g) = -g + 134. Determine z(9).
125
Let v(o) = -13*o + 448. Determine v(35).
-7
Let h(p) = -24*p + 575. Determine h(24).
-1
Let n(b) = -79*b**2 + 60*b - 60. Determine n(1).
-79
Let l(x) = -437*x + 2197. Calculate l(5).
12
Let o(y) = 75*y - 1293. Determine o(18).
57
Let v(g) = g**2 + 8722*g + 34867. Give v(-4).
-5
Let s(c) = -c**3 - 37*c**2 - 42*c - 79. Calculate s(-36).
137
Let u(b) = b**2 - 3*b - 15. Give u(-6).
39
Let p(n) = -2*n**3 + 20*n**2 + 1011*n + 48. Give p(-18).
-6
Let i(s) = -s**3 - 19*s**2 + 55*s + 43. Give i(-22).
285
Let i(x) = -x**3 - 21*x**2 - 3*x + 356. Give i(-20).
16
Let h(d) = 9*d + 37. What is h(16)?
181
Let o(k) = 28*k**3 - 7*k**2 + 5*k + 9. Calculate o(-2).
-253
Let r(n) = 57*n**2 - 1255*n + 22. Give r(22).
0
Let b(z) = -12*z**2 + 1437*z + 1814. Give b(121).
-1
Let k(t) = t**3 - 18*t**2 - 17*t + 43. Give k(19).
81
Let s(j) = 78*j - 1247. What is s(16)?
1
Let f(p) = -2*p**2 - 76*p - 700. Give f(-15).
-10
Let c(m) = m**3 - 6*m**2 - 161*m + 24. Calculate c(-10).
34
Let b(h) = h**3 + 8*h**2 + 5*h - 55. Give b(-6).
-13
Let w(v) = 7*v - 256. What is w(39)?
17
Let f(l) = 5*l**2 + 187*l + 78. Give f(-37).
4
Let g(a) = -81*a**2 + 9*a - 4. Give g(1).
-76
Let j(i) = -5298*i - 37071. Calculate j(-7)